 47/94 + -10473*((-10)/(-12))/(-5)?
7
Suppose 2*v = -v - 15, 5*u = -v + 5. Suppose 4*j - 8 = -5*b, -b = 3*j + u + 3. Suppose -2*s + 5*k + 15 = 0, 0*k + b*k - 20 = 0. What is the tens digit of s?
2
Suppose 0 = -4*o + 4, r + r - 4 = -4*o. Let c = 10634 + -10602. Suppose -3*z + m + 67 + c = r, 0 = 5*z + m - 165. What is the units digit of z?
3
Let m be 15/(-10)*2 + 17. Let s(b) = 6 - m - 13*b + 2. What is the tens digit of s(-7)?
8
Let a(h) = 967*h + 316. What is the thousands digit of a(6)?
6
Suppose -40 = -5*w - 35. What is the hundreds digit of -4*w - (46 + -217)?
1
Let f(z) = 4*z**3 + 14*z**2 - 189*z + 111. What is the ten thousands digit of f(20)?
3
Let z(b) = b - 9. Let r be z(8). Let a be r - (0 - -1)*(3 - 4). Suppose a = -6*g + 334 + 56. What is the units digit of g?
5
What is the tens digit of (-16 - 38543)*(4/22 - 85/165)?
5
Suppose 5010 = 12217*y - 12207*y. What is the units digit of y?
1
Let f be ((-2)/5)/(0 - 7/770). Suppose -241 = -5*z + f. What is the tens digit of z?
5
What is the units digit of ((-15)/(45/(-2)))/(-2) - 19550/(-15)?
3
Suppose -2*t = 5*u - 0*t + 16, -u - 2*t = 0. Let w(k) = -188*k**2 - 3*k - 7. Let q be w(u). What is the units digit of q/(-49) + 4/(-14)?
1
Let c = -250 + 354. What is the hundreds digit of ((-3978)/c)/(2/(-8))?
1
Suppose 2*h + 20092 = 4*m, 9698 + 15438 = 5*m + h. What is the tens digit of m?
2
Let d be 1/(12/3 - 5) - 4. What is the units digit of (-5166)/(-205)*d/(-2)?
3
Suppose -5*b = 3*c - 319124, -99*c + 97*c - 319084 = -5*b. What is the units digit of b?
0
Let t(f) = -1959*f + 3204. What is the tens digit of t(-42)?
8
Let c(t) = -t**2 - t + 1. Let z(f) = -4*f**2 - 9*f - 28. Let k(p) = 6*c(p) - z(p). Let s be k(-15). Let m = s - -657. What is the tens digit of m?
9
Let o(d) = -d**2 - 11*d + 4. Let f be o(5). Suppose 783 = 5*y - 2*t, 4*y = -t + 2*t + 624. Let i = f + y. What is the tens digit of i?
7
Let k(c) = 2*c + 12. Let g be k(-5). Suppose -4*d + 6888 = -0*d. Suppose g*p - d = -12*p. What is the tens digit of p?
2
Let p(l) = l**3 + 24*l**2 - 28*l + 50. Let r be p(-25). Let c be (-16)/3*(-30)/8. Let j = r + c. What is the hundreds digit of j?
1
Suppose -30 = -6*r + 3*r. Let i(v) = -2*v**2 + 39*v + 11. What is the units digit of i(r)?
1
Suppose -43*t - 248 = -35*t. Let r = 287 - t. What is the tens digit of r?
1
Let x = 2806 - -752. What is the units digit of x?
8
Let k(b) = 24*b**2 - 75*b + 1411. What is the hundreds digit of k(60)?
3
Let c be -3 - -4*2/4. Let h = 2 - c. Suppose 0 = h*r + 5*r - 624. What is the units digit of r?
8
Suppose 2*u = -2*j + 8, 4*j = 5*u - 33 + 4. Let i(s) = -2*s - 2. Let f be i(j). Suppose 4*z + f*z - 264 = 0. What is the units digit of z?
6
Suppose 29*z - 31*z - 3508 = -o, -3496 = -o + 5*z. What is the units digit of o?
6
Let j(s) = -s**3 + 18*s**2 - 24*s + 48. Let b be (3 - -3) + -3 - -13. What is the units digit of j(b)?
6
Let m = 116 - 110. Suppose -m*i + 6 = -0*i. What is the tens digit of (2 - i)/((-13)/(-481))?
3
Suppose -4*q + 2921 = -1003. Suppose -28*n = -27*n - q. What is the tens digit of n?
8
Let k(j) = -48405*j**3 + 4*j**2 + 102*j + 99. What is the thousands digit of k(-1)?
8
What is the tens digit of (-21 + 127485/(-60))*4/(-3)?
6
Let g = -166 + 74. Let h be g + -1 - (-2 + -1). What is the hundreds digit of 7/((-365)/h + -4)?
1
Suppose -5*t + 100419 = 4*k, -3*t + 5*k + 16000 = -44207. What is the ten thousands digit of t?
2
What is the hundreds digit of (159/(-6) + (2 - 0))/(14/(-18900))?
0
Let u(q) = q**2 + 46*q + 1386. What is the hundreds digit of u(0)?
3
Let t(b) = -58*b - 192. Let k be t(-5). What is the hundreds digit of ((-49)/k)/(2/(-3324))?
8
Let j be 31/7 + 546/98 + -5. Suppose 0 = j*b - w - 3631, -7*w + 2908 = 4*b - 11*w. What is the hundreds digit of b?
7
Suppose -3*u = -4*j + 160, 0 = 4*j - 0*u - 5*u - 168. Let o = j - 33. Suppose -425 = -5*t + 4*s, -4*s - 373 = -o*t - 37. What is the tens digit of t?
8
Let l be 0/(5/(5 + 0)) - 3. Let o(j) = -3*j**3 + j**2 + 4*j - 2. What is the tens digit of o(l)?
7
Suppose 808 - 268 = 5*l. Let m = l + -107. Suppose -2*n + 5*j = -361, 3*j = m + 2. What is the tens digit of n?
8
What is the hundreds digit of 8544/144*(59 - 2)*(3 - 1)?
7
Let l be 6 + -1 - (-1 + 3). Suppose -c = -5*d - 289, 2*d + 849 = l*c + 5*d. What is the tens digit of c?
8
Let n = 1311 - -19574. What is the ten thousands digit of n?
2
What is the hundreds digit of 2203 - -2 - (-41 - -55)?
1
Let a = 1662 - -2194. What is the thousands digit of a?
3
Suppose -4*w - 20 = -2*m, 5*w + 4*m + 0*m + 25 = 0. Let s be 441/((-5 - -10)/w). Let t = s + 646. What is the tens digit of t?
0
Let k(d) = 55*d**2 + 2*d + 2. Let h be k(2). Let n = -68 + h. What is the units digit of n?
8
What is the tens digit of (-193 + 571)*(19 - -1)?
6
Let h(v) = 1 - 12*v**2 + v**3 + 29*v**2 - 6*v**2 - 10*v**2. Let b(o) = o**3 + 13*o**2 + 8*o + 23. Let a(y) = b(y) - 2*h(y). What is the hundreds digit of a(11)?
1
Let x = -927 - -5080. What is the tens digit of x?
5
Let v(l) = 2*l - 3. Let z be v(3). Let j(s) = 54*s**z - 18*s**3 - 140*s**2 + s + 139*s**2 - 1. What is the units digit of j(1)?
5
Suppose 28*t = 15*t. Suppose t = -2*z - 3*v + 124, 2*z + 319 = 7*z + 3*v. What is the units digit of z?
5
Let t(g) = g + 8. Let q be t(-4). Suppose 18*c = q*c + 14. What is the units digit of (-2)/c*10/((-120)/198)?
3
Let q(l) = l**2 - 16*l - 30. Let x be q(18). Suppose -x*m - 4232 = -10766. What is the thousands digit of m?
1
Suppose -7*j - 3*g + 11599 = -6*j, 5*g = -5*j + 58015. Suppose 0 = 5*t + 6*t - j. What is the hundreds digit of t?
0
Suppose 3*h = -4*j + 222 + 58, 140 = 2*j + 5*h. Suppose 2*c + c + 4*s = -62, s - j = 4*c. Let i = c + 69. What is the tens digit of i?
5
Let h(r) = -3*r**2 - 31*r - 15. Let v(q) = -2*q**2 - 16*q - 8. Let t(g) = 3*h(g) - 5*v(g). Let l be t(14). Suppose 5*c + 80 = l*c. What is the tens digit of c?
2
Let z = 26271 + -7001. What is the tens digit of z?
7
Let c(k) = 100*k**2 - 27*k - 132. What is the units digit of c(-7)?
7
Let q = -4788 + 7755. What is the hundreds digit of q?
9
Suppose 2*m + c - 1 = 0, 4*m + 2 + 1 = 3*c. Suppose -n - 1 + 4 = m. Suppose 5*b - n*d - 105 = 2*d, 3*d = 4*b - 84. What is the units digit of b?
1
Let x(o) = 10*o**2 - 116*o + 691. What is the ten thousands digit of x(56)?
2
What is the tens digit of 39/(25 + -12) - -138?
4
Let r be 33*(-13)/(-5) + (-2)/(-10). Let h = 459 + r. What is the tens digit of h?
4
Suppose 0 = -203*f - 87937 + 4997289. What is the hundreds digit of f?
1
Let j = -15317 + 25630. What is the ten thousands digit of j?
1
Suppose -50945 = -24*j + 36271. Let t = j - 2586. What is the tens digit of t?
4
Let v(f) = 34*f**2. Let k be v(1). Suppose 0 = 35*q - k*q - 1. What is the units digit of q?
1
Suppose 231 + 349 = 10*l. Let y = 320 + l. What is the hundreds digit of y?
3
Let x(n) = n**3 + 2*n**2 - 1. Let o(m) = 3*m**3 + 14*m**2 - m - 2. Let q(v) = o(v) - 2*x(v). What is the hundreds digit of q(-8)?
1
Suppose j - 170473 = -4*t, 2*t - 85219 = -158*j + 155*j. What is the units digit of t?
0
Let u(h) = -67*h**2 - 117*h - 6. Let a be u(-5). Let k = a + 1840. What is the tens digit of k?
4
Suppose -2*u - 2*o + 16576 = 0, -27*o - 33167 = -4*u - 26*o. What is the units digit of u?
1
Let i(y) = -y**3 - 24*y**2 - 31*y + 8. Suppose 4*c - 8*c = -5*z - 247, -5*c = -5*z - 245. Let n = z + 28. What is the units digit of i(n)?
2
Let n = 20874 - 15935. What is the units digit of n?
9
Let o = 3 + -7. Let i(g) = -7 - 69*g + 125*g - 68*g. What is the tens digit of i(o)?
4
Let z(u) be the third derivative of u**6/120 - 2*u**5/15 + u**4/8 - u**3/3 + 29*u**2 - 1. What is the units digit of z(10)?
8
What is the units digit of 2814644/455 - (-102)/(-3315)?
6
Suppose 3*s + 5*u = 2549, 6*u - u - 5 = 0. Let n = -541 + s. What is the hundreds digit of n?
3
Suppose f = -5*q + 13, 4*f + 0 = 3*q + 6. Let p = 176 + -105. Let r = p - q. What is the tens digit of r?
6
Suppose u - 2*o - 16 = 0, 2*u - 3*o + 8 = 35. Let k(t) = 48*t + 16. What is the units digit of k(u)?
4
Let z = 54 - 32. Suppose 2*y - z = -9*y. Suppose -y*i + 97 = 9. What is the units digit of i?
4
Suppose 0*q = 5*i + q - 10, 4*i - 22 = 2*q. Suppose 4*r = i*c - 950, 965 - 333 = 2*c - 2*r. What is the units digit of c?
4
Let q = 2 + -880. Let z = 1382 + q. What is the unit